6 + -87 - (-18 + 4)?
3
Evaluate -25 + 43 - (2 + -2 + 3 + -9).
24
Evaluate 189 - 194 - (1 - 12).
6
What is the value of 11 + 30 + -25 + -22?
-6
What is (-12 - -19) + -9 + 4 + -4 - -2?
0
Evaluate 21 + 1 + (16 - 23) + -29.
-14
Evaluate -4 - -3 - ((8 - 22) + -8) - -6.
27
What is 153 - 164 - (1 - 23)?
11
Evaluate -9 + (0 - 2 - 7) + (8 - 12).
-22
What is (-4 - 0 - -7) + (-1 - 4)?
-2
What is the value of (-16 - (-6 + -5)) + 29 - 10?
14
Evaluate 34 + -2 + -16 - -1.
17
Evaluate -67 - (-59 - -18) - ((1 - -1) + -9).
-19
44 - -6 - (-3 + 4) - 14
35
Evaluate 3 - ((-11 - -22) + (12 - 21 - -8)).
-7
-2 - ((-4 - 6) + 2 + 5)
1
(3 - (7 + -4)) + 34 + -5
29
-19 - (37 + -31 - (13 + 1))
-11
-11 - (0 + -11) - 13
-13
3 + 0 - (9 + 3 + -3 - -13)
-19
15 + (1 - 43) + 14
-13
What is (-27 - (-13 - 32)) + -30?
-12
Calculate (8 - ((0 - -2) + -2)) + 8.
16
What is the value of 2 + (0 - -8) - (4 - 0 - -2)?
4
-213 + 204 + (-2 - 7)
-18
What is the value of 3 + (68 - 40 - 55)?
-24
Evaluate -5 - ((-13 - -5) + -1 + 5 + 1).
-2
4 - ((2 - ((31 - 10) + -12)) + 47)
-36
What is -32 - (-18 + -8 + 9)?
-15
What is the value of (-1 - 1) + -15 + -3 + 27?
7
What is the value of 4 - (-1 + 1) - (-78 + 178 + -82)?
-14
-1 + -5 + -7 + 18 - 17
-12
Calculate 0 - 0 - (1 + 2).
-3
What is the value of 0 + 5 - ((-5 - -8 - 13) + 15)?
0
What is the value of 1 - (8 + 1) - (-12 + 14 + 2)?
-12
Evaluate -17 - (-4 - (3 + 2)) - (11 - 3).
-16
Calculate -14 - 3 - (-30 + 25).
-12
What is the value of (-7 - -13 - -9) + 0 + -8?
7
What is the value of 13 + -4 + (-5 + 3 - -3)?
10
Calculate 1 - ((-7 - -9) + -19).
18
What is 13 - (3 - (-44 - -38 - (0 + 1)))?
3
10 + -3 - 11 - (-3 + -6 + 4)
1
Calculate (3 + 0 - (2 + 2)) + -19 + 25.
5
What is the value of 10 + 28 + (-5 - 27)?
6
What is the value of 13 - 1 - (9 + -6 + 23)?
-14
Calculate (14 - 3) + -11 + 31 - 11.
20
What is -16 - 0 - (-1 + 14 + -19 + 4)?
-14
Calculate (-7 - (-4 - -5)) + -5.
-13
What is the value of (11 - 11) + 12 - 7?
5
(1 - 14) + (-18 - 8)
-39
What is -15 + (-10 - 1) + 17?
-9
Calculate (2 - -1) + -19 + 9.
-7
Calculate -3 - (3 + -1 - (77 - 82)).
-10
3 + 5 + (5 - (15 - 13))
11
10 - (32 + -10 + -2)
-10
What is -8 + 20 + -28 + 16?
0
-1 - (-5 - (11 + -6))
9
What is (10 - 19) + 10 + -9 + 17 + 11?
20
What is the value of -17 + 21 - 5 - -6?
5
What is the value of -13 + 16 + 18 + 20?
41
What is 10 - ((-93 - -94) + 1 + 6)?
2
What is the value of 5 - (-1 + (-5 + 7 - -2) - 10)?
12
What is the value of (82 - 66) + (-6 - 36 - -2)?
-24
-2 + (-6 - (9 + 2))
-19
What is 1 - (2 + 6 + -9 + 18 - 1)?
-15
What is the value of (6 - 6) + 1 - ((0 - -8) + -3)?
-4
1 + 1 + 2 - (-3 + 11 - 11)
7
(-19 - -23) + -7 + -1
-4
What is -9 - (8 + (10 - 18) + (0 - 6))?
-3
What is the value of -22 - -17 - (8 + -1 - -7)?
-19
What is the value of (-1 - 5 - -12) + (4 - 5) + -7?
-2
What is -53 + 2 + (-25 - -50)?
-26
What is the value of -15 - ((28 - 20) + -17)?
-6
-12 + -16 - (14 - 19)
-23
Evaluate 12 - ((-8 + -6 - -9) + 13) - -5.
9
Calculate 7 + -19 + 11 + -9.
-10
What is 25 + (-10 - (7 - 18 - -3))?
23
Evaluate (24 + -22 - 5) + (17 - 1).
13
What is (21 - -14 - 21) + -30?
-16
Calculate -6 + 3 + (-5 - (1 + -6)) + 15.
12
(1 - -1 - (158 - 161)) + 0
5
What is -3 + (-29 - (2 - 22))?
-12
What is the value of 4 + (15 - 7 - (10 - 7)) + 1?
10
Calculate -3 + 1 + (10 - 3) + (1 - 3).
3
Calculate -21 + 16 - (8 - 27).
14
What is the value of -5 + (13 + -17 - -10) - 31?
-30
What is the value of (-9 - -22 - (4 - -34)) + 11?
-14
-2 + 1 + (0 - -1) - (3 + 23)
-26
-2 + -1 + 7 + -7 + 39 + -29
7
Calculate 161 + -140 + (2 - 18).
5
Evaluate 10 - (6 + (0 - -27) + -9 - -7).
-21
Evaluate -1 - -3 - -16 - (-14 + (30 - 14)).
16
Evaluate (0 - 6) + -5 + 10 - (1 + 10).
-12
Calculate 7 - (4 + -19 + 21).
1
-4 + -4 + 23 + -6
9
What is (6 - ((5 - 6) + (2 - -5))) + -2?
-2
(0 - 6) + -113 + 121 + 4 + 26
32
(1 + 12 - (-11 - -19)) + -3 - -5
7
What is (-23 - (-6 - -22)) + 20?
-19
6 + -8 - (-6 - (-6 - -1)) - 3
-4
Calculate 13 + (-57 - -91) + (-23 - -7).
31
(-60 - -52) + (12 - (1 - -1))
2
Evaluate -10 + -133 + 119 + -3 + 21.
-6
What is 17 - (12 + (-10 - -9) - 12)?
18
Evaluate (17 - 9) + (-4 - 14).
-10
What is the value of 6 + -19 + (-14 - (-9 + 0))?
-18
Evaluate -12 - ((-7 - -14) + -18).
-1
Evaluate -4 + 16 + -12 + -2.
-2
Evaluate -1 + 9 + (10 - 4).
14
18 + (4 - -8 - 20)
10
Calculate 90 + -86 + -6 + 3 + 4.
5
What is (-27 - -19) + (2 - -12) - (4 - 4)?
6
What is the value of (0 - -1) + -51 + 51?
1
86 + -102 + 3 + (5 - 3)
-11
What is (10 - (-3 - 2)) + (-3 - (-6 + 3))?
15
Evaluate -2 + -1 + (-108 + 106 - (0 + 5)).
-10
What is the value of -5 - -6 - (-4 - (3 + -2))?
6
Evaluate -51 - -42 - (1 + 7) - (0 - -5).
-22
What is the value of 6 - (7 + -18 + 12)?
5
What is the value of (-4 - (1 + -7) - (2 - 0)) + 15?
15
What is the value of -2 + (-11 - -4) - (0 + -3)?
-6
What is the value of 20 - (8 + 19 + -8 + -4 + -11)?
16
11 + -3 + -8 - (5 + 1 - -1)
-7
Evaluate (0 - 6) + -11 + -26 + 39.
-4
What is the value of 6 - (16 + (13 - (30 + -12)))?
-5
What is the value of -2 + 1 + (22 + -17 - (2 - -6))?
-4
What is 12 - (0 + (8 - 0))?
4
Evaluate 43 - (20 - -10) - (-2 - -12).
3
(26 - 11) + (25 - 22)
18
Calculate (-27 + 8 - -17) + (31 - 15).
14
(-3 - 4) + (16 - (-2 + 8))
3
What is the value of 6 + (25 + -22 - 28)?
-19
What is the value of 16 - (1 + 12) - (2 + 7)?
-6
Evaluate -5 + 1 + 8 + -13 + 8.
-1
What is the value of -2 + -1 - -6 - (9 - (14 + -1))?
7
Calculate 3 + 7 + -2 - (103 - 87).
-8
-4 - -1 - ((-37 - -83) + -39)
-10
5 + (-6 - (9 + (0 - 7))) - 11
-14
What is the value of 6 + -46 + (67 - 4)?
23
Calculate 1 - 13 - -17 - 12.
-7
Evaluate -1 - (4 - 10 - -6).
-1
Evaluate (0 - -18) + -90 + 35 + 25.
-12
What is (-35 - -16) + 26 - (3 + -22)?
26
Calculate -24 + -1 + 0 - (29 + -17 + -6).
-31
What is the value of 4 + (-7 - 0 - (2 - 2))?
-3
What is the value of (-21 - (11 - (14 + -3 - -10))) + 13?
2
Calculate -4 + (-21 - -34) + 2.
11
What is the value of -25 - ((-13 - -44) + -60)?
4
What is the value of (363 - 366) + -1 + 12?
8
What is (-6 - -1) + (8 - 1) + (13 - 28)?
-13
What is 2 - (20 + (-23 - 3))?
8
What is the value of 15 - 0 - (58 + -43 + 7)?
-7
Calculate (-69 - -22) + 55 + -33.
-25
What is the value of -2 + 0 + (9 - (29 + -16) - 1)?
-7
What is the value of -26 - (-23 + -27 + 40)?
-16
(1 - 7) + 33 + -20 + (-1 - -3)
9
Calculate (6 - 25) + 2 + (-2 - -8 - 3).
-14
Evaluate -1 + -7 + -4 + (4 - -16).
8
Evaluate 5 + -1 + (3 - 5) - (233 + -209).
-22
6 + (1 - (18 - 6 - 9))
4
What is -9 - (-19 + -2) - 11 - (0 + 5)?
-4
9 + -7 + -17 - (-32 - 16)
33
Calculate 75 - 102 - (2 + 3 + -2 + -3).
-27
What is 4 + 0 - -1 - 12 - (-7 - -5)?
-5
What is the value of (2 - (-29 - (16 + -9))) + -15?
23
What is (10 + -4 - 17) + (-4 - -1) + 12?
-2
What is (64 - 22 - (-1 - -17)) + (-1 - 5)?
20
Calculate 25 + 19 + -32 - 1.
11
-1 + 17 + (-18 - -19)
17
Evaluate 1 + -1 + (1 - -1) + (5 - 8).
-1
-13 + 2 + (-43 - -60) + -10
-4
What is the value of -1 + (-6 - -7 - (3 - 1) - 10)?
-12
What is -2 - -9 - (151 - 122)?
-22
Evaluate (-7 - ((5 - 5) + -7)) + -18 + 0.
-18
Calculate -3 + -1 - 4 - (10 - (2 + 1)).
-15
What is the value of -15 + (26 + -9 - 4)?
-2
What is the value of 3 + 0 + -4 - (0 + -20 + 11)?
8
-23 + (34 - 14) - -16
13
2 + 22 + 4 + -5 - (50 + -48)
21
Evaluate 18 + (-22 - -10) - 9.
-3
11 + -2 + (-680 - -676)
5
What is the value of (0 - -1) + (-3 - (8 - 15)) - 16?
-11
-13 + 0 - (149 + -162)
0
What is 4 - (0 - -7) - (13 + -6 + -1)?
-9
17 - (-10 - (-8 - -6))
25
Evaluate -377 - -371 - (0 + -12).
6
(6 + 0 - (-15 - (8 + -33))) + -3
-7
Evaluate -12 + -15 + (-16 - -14) + 1.
-28
What is the value of 5 - (-3 + -1 + -23 + 29)?
3
What is the value of (1 - (7 - 5)) + (-14 + 1 - 0)?
-14
(-10 - -2) + (0 - ((18 - 11) + -2))
-13
What is (-37 + 45 - 12) + -17?
-21
What is the value of 11 + (-2 + 0 - (56 - 36))?
-11
Calculate -5 + (-3 + 13 - 13).
-8
(571 - 565) + (-2 - -26)
30
Evaluate 7 - (21 + -13 - (1 + 1 - 10)).
-9
What is 8 + -18 - (-12 - -18)?
-16
Calculate 5 + 29 + -50 + 30.
14
Evaluate 27 + -45 + (8 - 7) + 7.
-10
Calculate 2 + (1 - -6) + -7 + -22.
-20
Evaluate -2 + (-6 - -8 - -7) + -3 + -13.
-9
What is the value of 27 + -1 - (16 + -19) - (-74 - -74)?
29
2 - -6 - (3 + 15 - 11)
1
15 + (7 - (7 + -4 + 15))
4
What is 0 + (1 - 2 - 3) - 4?
-8
What is 16 + -29 - (4 - 27)?
10
14 - (-23 + 26 + (-7 - -8))
10
-78 + 52 - (-2 - 2